ber?
True
Is 5261 a composite number?
False
Is 26833 prime?
True
Is 18041 a composite number?
False
Is 277945 composite?
True
Is 19 prime?
True
Is 1694795 prime?
False
Is 273841 a composite number?
True
Is 278977 composite?
True
Is 159 a prime number?
False
Is 53549 prime?
True
Is 24238 prime?
False
Is 248533 a composite number?
False
Is 210671 a prime number?
True
Is 207643 composite?
False
Is 179849 composite?
False
Is 258311 a composite number?
True
Is 28153 a prime number?
False
Is 73009 prime?
True
Is 150386 composite?
True
Is 4201 a composite number?
False
Is 16331 prime?
False
Is 1972405 prime?
False
Is 928223 a prime number?
True
Is 13171 a composite number?
False
Is 154977 composite?
True
Is 28463 prime?
True
Is 34961 a prime number?
True
Is 22229 composite?
False
Is 177697 prime?
False
Is 131009 prime?
True
Is 43513 prime?
False
Is 36145 a composite number?
True
Is 116237 a prime number?
False
Is 323767 a composite number?
False
Is 19059 prime?
False
Is 601903 prime?
True
Is 317113 composite?
True
Is 5601 a prime number?
False
Is 226691 a composite number?
False
Is 826481 composite?
True
Is 179791 a composite number?
True
Is 145697 a composite number?
True
Is 46769 composite?
False
Is 43163 prime?
False
Is 72989 composite?
True
Is 725033 a prime number?
False
Is 66553 prime?
True
Is 524177 a prime number?
False
Is 15859 a composite number?
False
Is 182753 a composite number?
True
Is 201547 composite?
False
Is 10265 a composite number?
True
Is 5839 a composite number?
False
Is 112543 composite?
False
Is 301367 composite?
True
Is 73687 prime?
False
Is 600459 composite?
True
Is 1757 a composite number?
True
Is 161311 a composite number?
True
Is 7201 prime?
False
Is 32773 prime?
False
Is 1637 composite?
False
Is 55619 prime?
True
Is 2607577 composite?
True
Is 53201 prime?
True
Is 16799 a composite number?
True
Is 70639 composite?
False
Is 3149 composite?
True
Is 7113 composite?
True
Is 26822 a composite number?
True
Is 18407 prime?
False
Is 55429 composite?
True
Is 95969 prime?
False
Is 371 a composite number?
True
Is 262839 prime?
False
Is 349291 composite?
False
Is 8581 prime?
True
Is 1543 a composite number?
False
Is 690757 composite?
False
Is 2056627 composite?
False
Is 604123 a prime number?
False
Is 18931 a composite number?
True
Is 689345 composite?
True
Is 789389 a composite number?
False
Is 478 composite?
True
Is 7971 a composite number?
True
Is 114685 a prime number?
False
Is 335351 a prime number?
False
Is 141958 a composite number?
True
Is 1315 prime?
False
Is 20279 composite?
True
Is 2361 a composite number?
True
Is 4849 prime?
False
Is 262019 composite?
True
Is 60841 a prime number?
False
Is 1406159 a composite number?
False
Is 67141 a composite number?
False
Is 787 a composite number?
False
Is 132199 prime?
True
Is 9313 composite?
True
Is 26587 composite?
True
Is 40453 a composite number?
True
Is 763699 prime?
True
Is 1399 prime?
True
Is 4111 prime?
True
Is 17607 composite?
True
Is 84369 a prime number?
False
Is 137653 composite?
False
Is 11777 a composite number?
False
Is 4757963 composite?
True
Is 30993 prime?
False
Is 648367 composite?
True
Is 121153 composite?
True
Is 99599 a composite number?
True
Is 63905 a composite number?
True
Is 218297 a prime number?
False
Is 68351 prime?
True
Is 9413 prime?
True
Is 1957283 a prime number?
True
Is 21662 a composite number?
True
Is 9722 prime?
False
Is 551273 composite?
True
Is 87823 composite?
True
Is 977 a composite number?
False
Is 33643 prime?
False
Is 33107 prime?
True
Is 198007 composite?
True
Is 10121 prime?
False
Is 1661 a prime number?
False
Is 23974 prime?
False
Is 174047 prime?
True
Is 153785 a composite number?
True
Is 1047814 a composite number?
True
Is 10541 a composite number?
True
Is 280963 a prime number?
True
Is 1637407 a composite number?
False
Is 64733 prime?
False
Is 40009 composite?
False
Is 1212697 prime?
True
Is 17506 a composite number?
True
Is 915481 a composite number?
True
Is 72151 a prime number?
False
Is 321 a prime number?
False
Is 1986029 prime?
True
Is 3463531 composite?
False
Is 12401 a composite number?
False
Is 99357 prime?
False
Is 3683 composite?
True
Is 1316087 a prime number?
False
Is 47893 composite?
True
Is 374603 a prime number?
True
Is 54917 a composite number?
False
Is 2399 a composite number?
False
Is 1537 a composite number?
True
Is 437847 composite?
True
Is 3463139 prime?
True
Is 97327 a prime number?
True
Is 2343337 a prime number?
False
Is 887 a prime number?
True
Is 62863 a composite number?
True
Is 17419 composite?
False
Is 21327 prime?
False
Is 36061 composite?
False
Is 45337 composite?
False
Is 191599 prime?
True
Is 2162657 prime?
False
Is 80701 a composite number?
False
Is 5737 prime?
True
Is 25013 a composite number?
False
Is 146207 a composite number?
True
Is 331717 a composite number?
True
Is 50335 a prime number?
False
Is 17401 prime?
True
Is 115489 composite?
True
Is 17153 composite?
True
Is 1293 a composite number?
True
Is 13571 prime?
False
Is 30367 a composite number?
False
Is 13641 a composite number?
True
Is 1639 a composite number?
True
Is 170461 prime?
False
Is 44527 a prime number?
False
Is 60311 composite?
True
Is 377155 a prime number?
False
Is 22045 composite?
True
Is 1949 prime?
True
Is 22947 a composite number?
True
Is 233173 a prime number?
True
Is 23429 a composite number?
True
Is 40243 a composite number?
True
Is 9511 a prime number?
True
Is 106903 a prime number?
True
Is 9221 prime?
True
Is 53989 composite?
True
Is 9961 prime?
False
Is 15959 composite?
False
Is 17961 a prime number?
False
Is 144283 composite?
True
Is 1642423 a composite number?
False
Is 22799 prime?
False
Is 2371 prime?
True
Is 807281 a composite number?
False
Is 18989 prime?
False
Is 277177 a prime number?
True
Is 2245 a composite number?
True
Is 958121 prime?
True
Is 24061 a composite number?
False
Is 15527 composite?
False
Is 445363 a composite number?
False
Is 517807 a composite number?
True
Is 3446 a prime number?
False
Is 4187 a composite number?
True
Is 55999 a prime number?
False
Is 649 composite?
True
Is 21851 a composite number?
False
Is 55435 composite?
True
Is 60353 prime?
True
Is 19207 a prime number?
True
Is 15937 a prime number?
True
Is 14681 a composite number?
True
Is 319 composite?
True
Is 14515 a prime number?
False
Is 28267 prime?
False
Is 19217 a composite number?
True
Is 46709 composite?
True
Is 3989 composite?
False
Is 325027 a prime number?
True
Is 681569 a prime number?
False
Is 136727 a composite number?
False
Is 400443 a prime number?
False
Is 1012847 a composite number?
True
Is 164743 prime?
True
Is 5383741 a composite number?
True
Is 594499 prime?
True
Is 371447 prime?
True
Is 3083 a composite number?
False
Is 2411 a composite number?
False
Is 80917 composite?
False
Is 130729 a prime number?
True
Is 2179 a prime number?
True
Is 4271 composite?
False
Is 98621 composite?
False
Is 2969207 composite?
False
Is 146513 a prime number?
True
Is 27743 a prime number?
True
Is 7393 composite?
False
Is 51259 prime?
False
Is 31013 composite?
False
Is 51329 prime?
True
Is 23143 a composite number?
False
Is 1571143 a prime number?
False
Is 20779 composite?
True
Is 20039 composite?
True
Is 803 composite?
True
Is 28115 prime?
False
Is 77581 a composite number?
True
Is 2973 a composite number?
True
Is 700303 composite?
False
Is 52135 composite?
True
Is 90731 prime?
True
Is 50231 a composite number?
False
Is 1769 prime?
False
Is 181367 a prime number?
False
Is 313955 a prime number?
False
Is 27413 a composite number?
True
Is 79279 a prime number?
True
Is 97213 a prime number?
True
Is 63263 prime?
False
Is 24763 composite?
False
Is 237543 composite?
True
Is 51787 a prime number?
True
Is 271333 prime?
True
Is 549349 composite?
True
Is 1031 prime?
True
Is 709946 prime?
False
Is 58189 composite?
False
Is 76649 prime?
True
Is 44329 a composite number?
True
Is 10367 composite?
True
Is 16099 a composite number?
True
Is 11981 composite?
False
Is 6521 a composite number?
False
Is 598187 a composite number?
False
Is 328189 a prime number?
False
Is 125669 a prime number?
True
Is 23179 a prime number?
False
Is 9014 composite?
True
Is 158789 a prime number?
False
Is 10079 a composite number?
False
Is 2483219 a prime number?
True
Is 5729